e 6.
134
Convert 300 (base 5) to base 9.
83
What is 19 (base 10) in base 14?
15
Convert 59 (base 10) to base 3.
2012
What is -12 (base 13) in base 2?
-1111
Convert -1 (base 5) to base 8.
-1
What is -154 (base 6) in base 5?
-240
What is -1111 (base 2) in base 6?
-23
What is 4 (base 5) in base 15?
4
Convert -2 (base 13) to base 3.
-2
Convert -14 (base 6) to base 2.
-1010
-2 (base 5) to base 7
-2
What is -41 (base 8) in base 9?
-36
Convert 4 (base 9) to base 12.
4
Convert 1100100 (base 2) to base 12.
84
-3c (base 13) to base 12
-43
Convert 100212 (base 3) to base 2.
100001010
What is -2 (base 10) in base 14?
-2
89 (base 16) to base 7
254
What is -424 (base 5) in base 10?
-114
-3 (base 5) to base 16
-3
-6f (base 16) to base 8
-157
Convert -2 (base 16) to base 2.
-10
-1101 (base 3) to base 12
-31
What is 5 (base 10) in base 16?
5
What is -5 (base 13) in base 9?
-5
-3 (base 4) to base 15
-3
Convert 9a (base 15) to base 9.
171
What is 2 (base 4) in base 8?
2
Convert -77 (base 9) to base 8.
-106
What is 1000000 (base 2) in base 11?
59
Convert 2211 (base 3) to base 4.
1030
Convert c6 (base 14) to base 16.
ae
-7 (base 11) to base 14
-7
What is 159 (base 14) in base 15?
135
What is -3 (base 7) in base 11?
-3
Convert 98 (base 12) to base 4.
1310
47 (base 16) to base 11
65
25 (base 8) to base 5
41
11 (base 2) to base 13
3
Convert -2 (base 6) to base 13.
-2
Convert -14 (base 8) to base 9.
-13
-16 (base 8) to base 2
-1110
313 (base 5) to base 13
65
Convert -100 (base 8) to base 13.
-4c
What is -4 (base 5) in base 2?
-100
13 (base 11) to base 12
12
What is -30 (base 9) in base 13?
-21
What is 231 (base 11) in base 16?
114
What is 1 (base 7) in base 4?
1
3 (base 4) to base 6
3
Convert 10 (base 7) to base 12.
7
What is 72 (base 10) in base 11?
66
-13 (base 11) to base 7
-20
What is 3 (base 16) in base 15?
3
-8 (base 15) to base 4
-20
0 (base 13) to base 8
0
Convert 3 (base 5) to base 10.
3
-14d (base 14) to base 3
-100211
11 (base 3) to base 13
4
-2 (base 3) to base 6
-2
What is 69 (base 10) in base 7?
126
Convert -111000 (base 2) to base 8.
-70
-24 (base 16) to base 14
-28
What is 2 (base 11) in base 3?
2
What is -7 (base 11) in base 8?
-7
What is -11212 (base 3) in base 15?
-8b
Convert 10 (base 2) to base 11.
2
Convert -2 (base 7) to base 5.
-2
Convert 23 (base 11) to base 13.
1c
-12 (base 12) to base 5
-24
20 (base 12) to base 10
24
What is 21 (base 8) in base 7?
23
-63 (base 8) to base 2
-110011
Convert -b1 (base 15) to base 6.
-434
What is 7b (base 13) in base 10?
102
What is -138 (base 14) in base 8?
-366
Convert 110 (base 3) to base 8.
14
What is -10 (base 16) in base 13?
-13
Convert 3211 (base 4) to base 15.
104
-437 (base 9) to base 3
-111021
a (base 12) to base 9
11
Convert 36 (base 10) to base 15.
26
What is -42 (base 10) in base 5?
-132
5 (base 7) to base 4
11
What is 632 (base 7) in base 4?
10331
Convert 263 (base 8) to base 9.
218
40 (base 8) to base 7
44
Convert -3 (base 11) to base 4.
-3
Convert 4 (base 7) to base 10.
4
What is 3 (base 9) in base 14?
3
Convert 10 (base 7) to base 12.
7
What is -10 (base 15) in base 8?
-17
-b (base 15) to base 13
-b
Convert -79 (base 13) to base 4.
-1210
Convert 11 (base 3) to base 6.
4
What is 3 (base 13) in base 16?
3
Convert 11010 (base 2) to base 9.
28
-19 (base 10) to base 3
-201
Convert -1 (base 13) to base 5.
-1
-1020 (base 3) to base 8
-41
What is 11 (base 7) in base 5?
13
-1110 (base 2) to base 11
-13
110 (base 2) to base 16
6
What is -3e (base 16) in base 11?
-57
Convert -3 (base 16) to base 13.
-3
Convert -7 (base 13) to base 11.
-7
Convert 5 (base 7) to base 12.
5
Convert -11 (base 3) to base 9.
-4
What is 2 (base 6) in base 7?
2
-2 (base 8) to base 16
-2
-32 (base 7) to base 2
-10111
331 (base 4) to base 11
56
Convert 52 (base 15) to base 9.
85
Convert 0 (base 10) to base 8.
0
What is 5 (base 10) in base 2?
101
Convert 10 (base 4) to base 11.
4
Convert -61 (base 15) to base 4.
-1123
What is 11 (base 2) in base 10?
3
Convert -1b (base 15) to base 8.
-32
Convert 2 (base 4) to base 12.
2
Convert 21 (base 13) to base 9.
30
Convert 2b (base 15) to base 13.
32
What is 565 (base 7) in base 8?
444
What is 23 (base 7) in base 5?
32
What is -6 (base 11) in base 6?
-10
70 (base 8) to base 5
211
32 (base 4) to base 2
1110
What is 10 (base 9) in base 13?
9
41 (base 7) to base 2
11101
What is -7 (base 8) in base 7?
-10
What is -d0 (base 15) in base 7?
-366
101 (base 5) to base 6
42
-11 (base 4) to base 12
-5
-5 (base 12) to base 6
-5
-542 (base 7) to base 16
-113
What is -4 (base 16) in base 13?
-4
Convert -3 (base 13) to base 5.
-3
Convert 1 (base 5) to base 12.
1
-6 (base 15) to base 8
-6
Convert -10 (base 3) to base 4.
-3
What is 110 (base 2) in base 8?
6
Convert -2 (base 11) to base 10.
-2
3 (base 10) to base 4
3
Convert -3 (base 15) to base 9.
-3
167 (base 11) to base 7
365
What is -418 (base 9) in base 2?
-101010101
What is 11202 (base 3) in base 8?
200
-13 (base 4) to base 15
-7
What is -6 (base 9) in base 2?
-110
What is 35 (base 14) in base 15?
32
Convert 113 (base 5) to base 14.
25
Convert -4 (base 11) to base 4.
-10
What is 42 (base 8) in base 14?
26
What is -7 (base 15) in base 6?
-11
Convert 11 (base 9) to base 16.
a
Convert 93 (base 14) to base 9.
153
Convert 1 (base 15) to base 2.
1
Convert 11 (base 9) to base 14.
a
-3 (base 6) to base 16
-3
What is -3 (base 4) in base 5?
-3
1000 (base 3) to base 12
23
-101 (base 2) to base 10
-5
-13 (base 7) to base 13
-a
What is 1110 (base 3) in base 9?
43
Convert a (base 16) to base 3.
101
Convert 7 (base 8) to base 13.
7
-35 (base 11) to base 6
-102
Convert 3 (base 15) to base 5.
3
What is 58 (base 9) in base 14?
3b
Convert 9 (base 11) to base 3.
100
Convert -137 (base 10) to base 16.
-89
1110 (base 3) to base 9
43
What is 12 (base 8) in base 15?
a
Convert 4 (base 12) to base 4.
10
Convert 19 (base 12) to base 7.
30
What is -1 (base 2) in base 6?
-1
Convert -10102 (base 3) to base 6.
-232
What is -43 (base 13) in base 9?
-61
What is -1 (base 15) in base 12?
-1
Convert 5 (base 10) to base 12.
5
-1d (base 14) to base 16
-1b
What is 4a (base 15) in base 3?
2121
10e (base 16) to base 11
226
Convert -88 (base 9) to base 4.
-1100
What is -69 (base 16) in base 5?
-410
11d (base 16) to base 14
165
What is -122 (base 3) in base 8?
-21
What is -223 (base 8) in base 10?
-147
Convert -8 (base 10) to base 5.
-13
d1 (base 14) to base 9
223
Convert 4 (base 12) to base 9.
4
What is -3 (base 9) in base 4?
-3
Convert 7 (base 16) to base 13.
7
Convert -111011 (base 2) to base 11.
-54
Convert 11 (base 7) to base 15.
8
-1 (base 2) to base 9
-1
What is 5 (base 14) in base 11?
5
-557 (base 8) to base 7
-1033
1132 (base 4) to base 2
1011110
2121 (base 3) to base 7
130
Convert 30 (base 6) to base 5.
33
What is -3 (base 6) in base 2?
-11
Convert 10110 (base 2) to base 6.
34
What is 101110 (base 2) in base 9?
51
Convert -10 (base 10) to base 16.
-a
Convert -24 (base 8) to base 4.
-110
-2 (base 6) to base 10
-2
-33 (base 9) to base 6
-50
Convert 11 (base 12) to base 2.
1101
What is -99 (base 15) in base 4?
-2100
-22 (base 14) to base 6
-50
0 (base 12) to base 9
0
What is 1a (base 11) in base 10?
21
11 (base 14) to base 13
12
What is -7e (base 16) in base 9?
-150
What is 22 (base 13) in base 11?
26
What is 5 (base 13) in base 5?
10
1 (base 13) to base 11
1
Convert -66 (base 7) to base 6.
-120
Convert 1341 (base 5) to base 15.
eb
What is 8 (base 14) in base 7?
11
5 (base 10) to base 15
5
What is -1 (base 11) in base 8?
-1
What is 2 (base 10) in base 4?
2
What is -3 (base 10) in base 15?
-3
What is -40 (base 5) in base 14?
-16
What is -1 (base 11) in base 3?
-1
Convert -12 (base 11) to base 2.
-1101
-1 (base 2) to base 3
-1
Convert 101 (base 11) to base 13.
95
Convert -2 (base 12) to base 14.
-2
What is -5 (base 11) in base 3?
-12
-3 (base 6) to base 10
-3
5d (base 14) to base 6
215
What is -30 (base 8) in base 16?
-18
What is -343 (base 5) in base 3?
-10122
20 (base 6) to base 4
30
What is -4 (base 15) in base 6?
-4
4 (base 10) to base 11
4
0 (base 12) to base 4
0
Convert -15 (base 6) to base 10.
-11
Convert -1 (base 3) to base 16.
-1
Convert 7 (base 8) to base 9.
7
Convert 0 (base 13) to base 9.
0
What is a (base 14) in base 15?
a
What is 12 (base 4) in base 5?
11
Convert -1 (base 2) t